).
-10
What is the value of 20 + (-1 - ((11 - 9) + 6))?
11
What is the value of 14 + 10 + (4 - 8 - 4) + -10?
6
(-31 - -56) + -47 + 5
-17
What is the value of -18 + 1 - (-8 + (3 - (2 - 1)))?
-11
-20 + 0 + 12 - 1
-9
What is 2 + 3 + (12 - (1 + 17)) + 22?
21
What is 2 + 6 + (15 + -18 - (15 + -4))?
-6
What is the value of 4 - (((13 - 7) + -6 - 4) + 12)?
-4
What is -5 + 10 + (10 - 11 - 15)?
-11
What is the value of (0 - (-19 - 0)) + (5 - 0) - -5?
29
Calculate -17 + -34 + 10 + 39.
-2
Evaluate 11 - (190 + -165 + (12 - -1)).
-27
What is the value of 15 + -28 + -4 + 1?
-16
What is the value of (-66 + 37 - -25) + 24 + 1?
21
Calculate 10 + (-7 - (2 + (8 - 12) + -1)).
6
What is -15 - (39 - (-9 + 40))?
-23
Calculate (16 - 12 - 15) + 15.
4
What is 12 + 2 + -8 + -2 - 24?
-20
What is 7 + -3 + -3 + 0 + -33 + 21?
-11
Evaluate (7 - 12) + 1 + 0 + -4 - -26.
18
What is -782 - -751 - (-14 - 0)?
-17
Calculate (13 - 6) + -9 + 1 - (-12 + -5).
16
What is (6 - 4) + 5 + -12 + 7 - -6?
8
-11 + (-5 - -19) + (1 - 13) + -28
-37
2 + (-4 - 9) - 2
-13
What is the value of 4 - (-3 + 4 + -1 - 9)?
13
What is the value of 229 + -169 + -5 + -28?
27
Evaluate -47 + 44 - (4 + 3).
-10
Calculate -16 + 24 - (-4 - 9).
21
What is the value of -4 + 89 + -56 + (-15 - 1)?
13
What is (-2 - 1) + 26 - (52 - 40)?
11
What is 12 + 16 + -13 + -8?
7
Evaluate (7 - 0) + 43 + -43 - 6.
1
Evaluate (-18 - -22 - 13) + -5.
-14
-1 + 1 + -1 + 25 + 4 + -25
3
What is the value of 1 + 0 - ((45 - 8) + -49)?
13
(-4 - -1) + 13 + -6 + -2
2
-13 - (-2 + (10 - 1) - 11)
-9
Evaluate 10 - 2 - (-19 - (35 - 42)).
20
Evaluate 3 + 9 + 5 - 7.
10
What is 7 - (29 + (12 - 11 - 8))?
-15
Calculate (19 - (74 - 53)) + (-1 - (2 - 1)).
-4
(6 + 8 + -40 - -6) + 7 + -4
-17
What is -6 + -1 + (-11 - (3 - (-2 + 21)))?
-2
Calculate 58 + -48 - 24 - ((2 - 3) + -1).
-12
Evaluate 40 - (23 + 21 + -14).
10
Evaluate 77 - 60 - (-1 + 14).
4
What is the value of 5 - -4 - (6 - (-5 - (-2 - 3)))?
3
What is the value of 8 - (9 + (-12 - 1)) - -3?
15
Evaluate -2 + (10 - 7 - 6).
-5
Calculate 153 - 168 - (-3 - -1) - -16.
3
Evaluate 14 - 15 - (-43 + 19).
23
Evaluate (20 - (4 + -14)) + -21.
9
What is the value of -12 - (-18 + 22) - -19?
3
What is (29 - 19 - -2) + -24?
-12
What is (0 - 2) + 49 + -28 + -35?
-16
What is (16 - (3 + -13)) + -34?
-8
Calculate 0 + (-5 - (2 - 0)).
-7
-2 + -25 + 3 - 8
-32
Calculate 1 + (18 - 17) - -11.
13
What is the value of 0 + (6 - 1 - 14) + (5 - 5)?
-9
Evaluate -4 - (5 - -11) - -34.
14
What is the value of (13 - 12 - 6) + 7?
2
What is (9 - (-4 + -1 - -2)) + 0?
12
What is -2 + 4 + (-11 - -3) + -4?
-10
8 + (6 - (10 + -6) - -1)
11
Evaluate 1 + 13 + -6 + 4 + 3.
15
Calculate 10 + 33 + -45 + -14.
-16
What is (-14 + (-12 - -11) - -5) + 3 + 2?
-5
(7 - 12 - 6) + 6 - -2
-3
What is the value of 4 + -6 - 17 - -22?
3
Calculate -9 - -4 - (-6 + 11 + -9).
-1
What is the value of (-272 - -288) + -3 + -31?
-18
Evaluate -33 + (-24 - 13) + 68.
-2
Evaluate -18 - ((8 - (-16 + 11)) + -3).
-28
What is 0 - 2 - -4 - (-11 + 13 - 9)?
9
What is (4 + -8 - 10) + 29?
15
Calculate -22 + (8 - 2) + 9 + -9.
-16
12 - (11 - -7) - 4
-10
What is the value of 13 + 2 - (-8 + (-10 - -4) + 7)?
22
What is 7 + 0 + (-3 - -10) + -4?
10
What is the value of -34 - ((15 - 22) + 11 + -15)?
-23
Calculate -1 + -5 + 4 + 7 + 3 + -36.
-28
Calculate 4 - (-7 - (0 + -7)) - -15.
19
Evaluate -7 - (-14 + 5 + -2 + 1).
3
What is the value of (-8 + -2 - -10) + 5 - (4 + 2)?
-1
What is the value of 32 + -26 - (0 + 4 - 9 - 2)?
13
Evaluate 14 + 4 + 5 - 9.
14
Calculate (-9 - (-6 + 6 + -1) - -1) + -6.
-13
-19 + 14 + 14 - -33 - 10
32
Evaluate -1 + 21 - (181 + -164).
3
Evaluate -52 + 25 - (-11 + 7 + -7).
-16
Calculate (-11 - -6) + (2 - (6 + -3 - 14)).
8
What is 19 + (10 - (18 + -6))?
17
Calculate 0 + 4 + 23 + -34.
-7
What is the value of -9 - (-6 + 10 + -11 + 8)?
-10
Calculate 29 + -38 - (31 - 13) - (-2 + -1).
-24
Evaluate (-1 - -3 - (0 + -8)) + -4.
6
Evaluate -6 + (5 - 5 - (0 + 4)) - -3.
-7
Calculate 207 + -199 + (0 + (0 - 1) - 5).
2
(0 - (0 - -9)) + -5645 + 5682
28
-20 - -1 - (-326 - -314)
-7
56 - (30 + 16 - 9)
19
(-1 + -1 - (20 - 16)) + 22
16
Evaluate (16 - -23) + -83 + 32.
-12
What is (-2 - 14 - 2) + (-1 - -4)?
-15
What is 9 + -6 + -2 - -5 - (1 - -2)?
3
(9 + (5 - 4) - 7) + (-2 - -1)
2
(11 - 12) + -8 + 4 - (20 - 3)
-22
What is (4 - 1 - (0 - 3)) + -16?
-10
(-10 - -24) + -6 + (3 - 11)
0
Evaluate (-1 - (4 - 1)) + (12 + -15 - 1).
-8
-10 - -4 - (-9 + 21 - 6)
-12
What is (-12 - (1 - 26)) + -16?
-3
Evaluate 8 + 33 + -48 - (1 - (-2 + 1)).
-9
Calculate -5 - (3 + 7 - 5).
-10
(1 - (-18 + -1)) + (-134 - -137)
23
What is the value of -5 + (-43 + 36 + -1 + 5 - 8)?
-16
(-1 - 1 - -26) + -3 + 3
24
Evaluate -4 - (6 + 6 - 16).
0
19 + -36 + 19 - -1
3
Evaluate 0 - (-8 - (-4 + 9)).
13
(-4 + 2 + 2 - 7) + 66 + -64
-5
Calculate -19 + (-26 + 23 - -25).
3
Evaluate 1 + 4 + (-20 - (9 + -22)).
-2
Evaluate (-23 - (-18 + 13)) + 6.
-12
Evaluate -12 + 9 + (11 - 0 - 11).
-3
Calculate (-12 - -38 - 9) + -31.
-14
What is the value of -3 - ((17 - (6 + -4)) + 13 + -8)?
-23
What is -10 + (-4 - (-4 - 2 - (8 + -8)))?
-8
Evaluate (23 - 13) + (26 - 21).
15
Calculate -2 + 50 + (-13 - (-12 + 9)) + 0.
38
What is the value of -29 - -28 - (4 + -4 + 8)?
-9
Calculate -12 + 0 + -3 - -9 - 3.
-9
-17 - -11 - (1 - (-4 - -5 - 11))
-17
-53 + 67 + (-3 - (-3 + 6))
8
What is the value of 0 + 30 - ((0 - -12) + -2)?
20
Calculate (-1 - -4) + -9 + -2 + 3.
-5
-7 + -6 + -14 + 33
6
Calculate 13 + (2 + -29 - -10).
-4
What is the value of (56 - 53) + (1 - (-4 + 2) - 3)?
3
What is -26 + -12 + 2 + 35?
-1
Evaluate (-5 - 4 - -19) + 15 + 1.
26
What is the value of -17 - -33 - 41 - -11?
-14
Calculate -2 + 18 - (-24 - -25) - (-6 + 11).
10
13 + (-9 - (-24 + (-1 - -14)))
15
What is -3 - (-2 + 0 + (-6 - (5 + -10)))?
0
Evaluate -43 + 28 + 20 - (-16 + -1).
22
What is the value of (23 - 1) + 158 + -170?
10
(-66 + 77 - (0 + -3)) + -26
-12
What is 18 + -8 + -38 + 13?
-15
-7 - ((-2 - 10) + (2 - (9 + -3)))
9
(64 - 6) + -10 - 31
17
Evaluate -12 + 0 - (13 - 1 - 0 - -12).
-36
-3 + 1 - (9 + -8 - (5 - 2))
0
Calculate (-88 + 74 - (-10 - 0)) + 5.
1
What is the value of -47 + 54 + (-3 - 1)?
3
What is 0 + -1 - (-2 + 12) - -9?
-2
(39 - (-7 - -32)) + 20 + -1 + -7
26
Calculate -3 + (7 - 0) - (7 + -10 - -6).
1
What is the value of -8 + 6 - (-2 - (1 - 5))?
-4
Evaluate 11 + (5 - 8) + (-8 - -14).
14
What is the value of 12 + -13 + (0 - (-1 - 2))?
2
What is (4 - 2) + -1 + -19 - (-286 + 283)?
-15
Calculate -3 - (6 + -2 - (-14 + 16 + 4)).
-1
Evaluate -1 - 0 - -2 - (15 - 10 - 0).
-4
What is the value of -421 + 419 + 1 + -5 + 2?
-4
Evaluate 12 - (-30 + 59) - -46.
29
Evaluate (2 - -29 - 2) + (1069 - 1082).
16
12 + (-3 - -4 - -6 - 6 - 5)
8
Evaluate 103 + -100 - (-3 + 9 + 0).
-3
Calculate -10 + 13 - 6 - (-3 + 2) - -29.
27
Evaluate -66 + 13 + 19 - -26.
-8
What is the value of 28 + -18 + 4 + -18?
-4
What is the value of (0 - 2 - -9) + (101 - 101) + -1?
6
Evaluate -8 + (-6 - (-22 + -5 + -3)).
16
Evaluate -5 + (5 - 5) + 15.
10
Evaluate -1 - -1 - -3 - (292 + -272).
-17
Calculate 4 + (-1 - (8 + -3)) + -30 + 25.
-7
Calculate (-1 - (89 - 84 - (0 - -13))) + -22.
-15
What is 17 - (-7 - (11 - 20))?
15
What is the value of (5 - -11) + -15 + 9 + -3?
7
Calculate (-1 - (-1 - 10)) + -2 + -2.
6
What is the value of -11 + (15 - (9 - ((14 - 10) + -2)))?
-3
What is the value of (-25 - -12 - -19) + -8 + 4?
2
What is 17 + (-6 - 14 - -4)?
1
What is the value of 3 - 0 - (-3 - (-11 + 13 - 3))?
5
What is the value of -1 - -2 - -4 - (1 - -5 - -1)?
-2
What is (11 - (-14 - -27)) + (3 - 5) + -1?
-5
Calculate 26 - ((3 - 16) + 17).
22
15 + 1 + -15 + -10 + 28 + 2
21
Evaluate (-4 - (7 - 1)) + 4 + -2.
-8
Evaluate -90 + 90 + (0 - 30) + -4 + 2.
-32
Evaluate (-2 - -2) + 11 + -28 + 15.
-2
2 + 9 + (-4 + -1 - 3 - 2)
1
Evaluate (92 - 85) + (16 - 8).
15
Evaluate -314 + 316 - (0 + 2).
0
What is -1 - ((-19 - -12 - -32) + -9)?
-17
Evaluate -7 + -8 - (18 - 1) - -6.
-26
What is (11 - 15) + -24 + 25?
-3
What is 14 + -12 - (2 + (-4 - -1)) - -2?
5
What is the value of -8 + -6 - ((3 - -10) + -3)?
-24
Evaluate -20 + 23 + 3 - -8.
14
Evaluate -14 - (-6 - (-16 + 17 + -10)).
-17
-13 - (-7 + -6) - (-5 - (2 - 7))
0
-10 + -8 + -8 + (-3 - -5) + 2
-22
What is the value of -2 - 5 - (-13 + 5 + -7)?
8
10 + (-28 - (-7 + 4))
-15
Calculate 33 + (8 - 41) + 3 + 0.
3
What is the val